{"id":624,"date":"2024-12-21T09:24:14","date_gmt":"2024-12-21T09:24:14","guid":{"rendered":"https:\/\/www.somtecnologia.com\/pro\/?page_id=624"},"modified":"2024-12-29T18:35:24","modified_gmt":"2024-12-29T18:35:24","slug":"proveidors","status":"publish","type":"page","link":"https:\/\/www.somtecnologia.com\/pro\/discover_ca\/proveidors","title":{"rendered":"Prove\u00efdors"},"content":{"rendered":"<p style=\"text-align: justify;\">Valorem aquests factors en un nou prove\u00efdor:<\/p>\n<ol style=\"text-align: justify;\">\n<li>La formaci\u00f3 t\u00e8cnica de les persones que ens atenen<\/li>\n<li>La qualitat dels productes en cat\u00e0leg<\/li>\n<li>La compatibilitat dels productes amb el programari lliure (FOSS)<\/li>\n<li>L&#8217;actitud col\u00b7laboradora en el tractament de garanties i RMA<\/li>\n<li>L&#8217;especialitzaci\u00f3 en un segment de productes o serveis inform\u00e0tics<\/li>\n<li>La flexibilitat en els formats de cat\u00e0leg i preus (DBF, XML, &#8230;)<\/li>\n<li>Les condicions de cr\u00e8dit<\/li>\n<li>L&#8217;efic\u00e0cia i agilitat burocr\u00e0tica<\/li>\n<li>El bon tractament de residus i la responsabilitat ambiental<\/li>\n<li>La proximitat geogr\u00e0fica a Girona, Banyoles o Figueres<\/li>\n<li>La no col\u00b7laboraci\u00f3 amb la ind\u00fastria militar o nuclear<\/li>\n<li>La limitaci\u00f3 de l&#8217;enviament de publicitat<\/li>\n<li>Els preus<\/li>\n<\/ol>\n<p style=\"text-align: justify;\">Si creieu que en certa mesura compliu amb bona part d&#8217;aquests desitjos, contacteu-nos per a presentar la vostra empresa i productes i serveis.<\/p>\n","protected":false},"excerpt":{"rendered":"<p>Valorem aquests factors en un nou prove\u00efdor: La formaci\u00f3 t\u00e8cnica de les persones que ens atenen La qualitat dels productes en cat\u00e0leg La compatibilitat dels productes amb el programari lliure (FOSS) L&#8217;actitud col\u00b7laboradora en el tractament de garanties i RMA L&#8217;especialitzaci\u00f3 en un segment de productes o serveis inform\u00e0tics La flexibilitat en els formats de &hellip; <a href=\"https:\/\/www.somtecnologia.com\/pro\/discover_ca\/proveidors\" class=\"more-link\">Continue reading <span class=\"screen-reader-text\">Prove\u00efdors<\/span> <span class=\"meta-nav\">&rarr;<\/span><\/a><\/p>\n","protected":false},"author":1,"featured_media":0,"parent":163,"menu_order":80,"comment_status":"closed","ping_status":"closed","template":"","meta":{"iawp_total_views":1,"footnotes":"","_links_to":"","_links_to_target":""},"class_list":["post-624","page","type-page","status-publish","hentry"],"_links":{"self":[{"href":"https:\/\/www.somtecnologia.com\/pro\/wp-json\/wp\/v2\/pages\/624","targetHints":{"allow":["GET"]}}],"collection":[{"href":"https:\/\/www.somtecnologia.com\/pro\/wp-json\/wp\/v2\/pages"}],"about":[{"href":"https:\/\/www.somtecnologia.com\/pro\/wp-json\/wp\/v2\/types\/page"}],"author":[{"embeddable":true,"href":"https:\/\/www.somtecnologia.com\/pro\/wp-json\/wp\/v2\/users\/1"}],"replies":[{"embeddable":true,"href":"https:\/\/www.somtecnologia.com\/pro\/wp-json\/wp\/v2\/comments?post=624"}],"version-history":[{"count":4,"href":"https:\/\/www.somtecnologia.com\/pro\/wp-json\/wp\/v2\/pages\/624\/revisions"}],"predecessor-version":[{"id":628,"href":"https:\/\/www.somtecnologia.com\/pro\/wp-json\/wp\/v2\/pages\/624\/revisions\/628"}],"up":[{"embeddable":true,"href":"https:\/\/www.somtecnologia.com\/pro\/wp-json\/wp\/v2\/pages\/163"}],"wp:attachment":[{"href":"https:\/\/www.somtecnologia.com\/pro\/wp-json\/wp\/v2\/media?parent=624"}],"curies":[{"name":"wp","href":"https:\/\/api.w.org\/{rel}","templated":true}]}}