{"id":277,"date":"2014-10-26T16:04:20","date_gmt":"2014-10-24T11:48:02","guid":{"rendered":"http:\/\/www.actiu.net\/wptemplate\/?page_id=277"},"modified":"2024-12-26T09:58:09","modified_gmt":"2024-12-26T09:58:09","slug":"who-we-are_es","status":"publish","type":"page","link":"https:\/\/www.somtecnologia.com\/pro\/contact_es\/who-we-are_es","title":{"rendered":"Quienes somos"},"content":{"rendered":"<p style=\"text-align: justify;\">Desde el a\u00f1o 1996, hemos estado trabajando para particulares, peque\u00f1as y medianas empresas, ofreciendo un amplio suministro de productos inform\u00e1ticos y servicios para su administraci\u00f3n, planificaci\u00f3n, automatizaci\u00f3n, comunicaciones y seguridad.<\/p>\n<p style=\"text-align: justify;\">Con talleres en Banyoles y Figueres, el alcance geogr\u00e1fico del servicio a domicilio ha ido cubriendo las provincias de Barcelona y Girona.<\/p>\n<p style=\"text-align: justify;\">Los criterios de selecci\u00f3n de los sistemas y las soluciones de software siempre priorizan la compatibilidad, seguridad de la informaci\u00f3n, independencia de las entidades respecto a la marca y la duraci\u00f3n de las soluciones. As\u00ed se hacen fiables nuestros recursos y trabajos.<\/p>\n<p style=\"text-align: justify;\">La t\u00e9cnica y solidez en el trabajo han merecido la confianza de las corporaciones y profesionales para los proyectos que se han podido plantear.<\/p>\n<p style=\"text-align: justify;\">Si quiere incluir su informaci\u00f3n profesional en este sitio web, por favor <a href=\"..\/contact_es\">contacte con el equipo<\/a>.<\/p>\n","protected":false},"excerpt":{"rendered":"<p>Desde el a\u00f1o 1996, hemos estado trabajando para particulares, peque\u00f1as y medianas empresas, ofreciendo un amplio suministro de productos inform\u00e1ticos y servicios para su administraci\u00f3n, planificaci\u00f3n, automatizaci\u00f3n, comunicaciones y seguridad. Con talleres en Banyoles y Figueres, el alcance geogr\u00e1fico del servicio a domicilio ha ido cubriendo las provincias de Barcelona y Girona. Los criterios de &hellip; <a href=\"https:\/\/www.somtecnologia.com\/pro\/contact_es\/who-we-are_es\" class=\"more-link\">Continue reading <span class=\"screen-reader-text\">Quienes somos<\/span> <span class=\"meta-nav\">&rarr;<\/span><\/a><\/p>\n","protected":false},"author":1,"featured_media":0,"parent":153,"menu_order":10,"comment_status":"closed","ping_status":"closed","template":"","meta":{"iawp_total_views":12,"footnotes":"","_links_to":"","_links_to_target":""},"class_list":["post-277","page","type-page","status-publish","hentry"],"_links":{"self":[{"href":"https:\/\/www.somtecnologia.com\/pro\/wp-json\/wp\/v2\/pages\/277","targetHints":{"allow":["GET"]}}],"collection":[{"href":"https:\/\/www.somtecnologia.com\/pro\/wp-json\/wp\/v2\/pages"}],"about":[{"href":"https:\/\/www.somtecnologia.com\/pro\/wp-json\/wp\/v2\/types\/page"}],"author":[{"embeddable":true,"href":"https:\/\/www.somtecnologia.com\/pro\/wp-json\/wp\/v2\/users\/1"}],"replies":[{"embeddable":true,"href":"https:\/\/www.somtecnologia.com\/pro\/wp-json\/wp\/v2\/comments?post=277"}],"version-history":[{"count":9,"href":"https:\/\/www.somtecnologia.com\/pro\/wp-json\/wp\/v2\/pages\/277\/revisions"}],"predecessor-version":[{"id":620,"href":"https:\/\/www.somtecnologia.com\/pro\/wp-json\/wp\/v2\/pages\/277\/revisions\/620"}],"up":[{"embeddable":true,"href":"https:\/\/www.somtecnologia.com\/pro\/wp-json\/wp\/v2\/pages\/153"}],"wp:attachment":[{"href":"https:\/\/www.somtecnologia.com\/pro\/wp-json\/wp\/v2\/media?parent=277"}],"curies":[{"name":"wp","href":"https:\/\/api.w.org\/{rel}","templated":true}]}}

<p style="text-align: justify;">Desde el año 1996, hemos estado trabajando para particulares, pequeñas y medianas empresas, ofreciendo un amplio suministro de productos informáticos y servicios para su administración, planificación, automatización, comunicaciones y seguridad.</p>
<p style="text-align: justify;">Con talleres en Banyoles y Figueres, el alcance geográfico del servicio a domicilio ha ido cubriendo las provincias de Barcelona y Girona.</p>
<p style="text-align: justify;">Los criterios de selección de los sistemas y las soluciones de software siempre priorizan la compatibilidad, seguridad de la información, independencia de las entidades respecto a la marca y la duración de las soluciones. Así se hacen fiables nuestros recursos y trabajos.</p>
<p style="text-align: justify;">La técnica y solidez en el trabajo han merecido la confianza de las corporaciones y profesionales para los proyectos que se han podido plantear.</p>
<p style="text-align: justify;">Si quiere incluir su información profesional en este sitio web, por favor <a href="../contact_es">contacte con el equipo</a>.</p>

<p>Desde el año 1996, hemos estado trabajando para particulares, pequeñas y medianas empresas, ofreciendo un amplio suministro de productos informáticos y servicios para su administración, planificación, automatización, comunicaciones y seguridad. Con talleres en Banyoles y Figueres, el alcance geográfico del servicio a domicilio ha ido cubriendo las provincias de Barcelona y Girona. Los criterios de &hellip; <a href="https://www.somtecnologia.com/pro/contact_es/who-we-are_es" class="more-link">Continue reading <span class="screen-reader-text">Quienes somos</span> <span class="meta-nav">&rarr;</span></a></p>
