{"id":176,"date":"2014-10-26T12:10:10","date_gmt":"2014-10-24T11:29:05","guid":{"rendered":"http:\/\/www.actiu.net\/wptemplate\/?page_id=176"},"modified":"2025-01-16T10:21:19","modified_gmt":"2025-01-16T10:21:19","slug":"recommendations_ca","status":"publish","type":"page","link":"https:\/\/www.somtecnologia.com\/pro\/discover_ca\/recommendations_ca","title":{"rendered":"Recomanacions"},"content":{"rendered":"<h2 style=\"text-align: justify;\">Quan compreu un aparell o accessori<\/h2>\n<ul style=\"text-align: justify;\">\n<li>Esgoteu la vida \u00fatil de tot all\u00f2 qu\u00e8 ja teniu<\/li>\n<li>No espereu a un desastre abans de prevenir-lo i planificar solucions<\/li>\n<li>Exigiu la compatibilitat amb les tecnologies ja existents<\/li>\n<li>Exigiu la compatibilitat amb altres aparells<\/li>\n<li>Exigiu que el manteniment no depengui d&#8217;una sola marca o prove\u00efdor possibles<\/li>\n<li>Valoreu qu\u00e8 vosaltres mateixes podr\u00edeu dur el manteniment, configurar o reprogramar sense infringir cap norma<\/li>\n<\/ul>\n<h2 style=\"text-align: justify;\">Quan contracteu un servei<\/h2>\n<ul style=\"text-align: justify;\">\n<li>Exigiu que els protocols siguin neutrals i no restrictius, incloent els formats de la informaci\u00f3.<\/li>\n<li>Exigiu compatibilitat amb altres prove\u00efdors, de manera que un canvi de prove\u00efdor no suposi canviar de programari o de les formes de treball<\/li>\n<li>Exigiu la possibilitat de ser vosaltres qui allotja les dades i no dependre d&#8217;un \u00abn\u00favol\u00bb<\/li>\n<li>Exigiu qu\u00e8 el servei estigui allotjat i prestat des de la vostra mateixa jurisdicci\u00f3, a efectes de la protecci\u00f3 de dades<\/li>\n<\/ul>\n<h2 style=\"text-align: justify;\">Quan demaneu assist\u00e8ncia t\u00e8cnica<\/h2>\n<ul>\n<li style=\"text-align: justify;\">Exigiu el coneixement de diferents solucions per a un mateix problema; que no depenguin d&#8217;una sola marca.<\/li>\n<li style=\"text-align: justify;\">Exigiu una explicaci\u00f3 comprensible dels problemes i de les solucions, sempre prioritzant les necessitats que exposeu vosaltres.<\/li>\n<li style=\"text-align: justify;\">Exigiu el ple compliment de les condicions de llic\u00e8ncia, tant en programari lliure com en programari privatiu.<\/li>\n<li style=\"text-align: justify;\">Doneu prioritat a les solucions qu\u00e8 siguin auditables, incloent el programari lliure (<a href=\"https:\/\/ca.wikipedia.org\/wiki\/FOSS\" target=\"_blank\" rel=\"noopener\">FOSS<\/a>) i la <a href=\"https:\/\/es.wikipedia.org\/wiki\/Neutralidad_tecnol%C3%B3gica\" target=\"_blank\" rel=\"noopener\">neutralitat tecnol\u00f2gica<\/a>.<\/li>\n<\/ul>\n","protected":false},"excerpt":{"rendered":"<p>Quan compreu un aparell o accessori Esgoteu la vida \u00fatil de tot all\u00f2 qu\u00e8 ja teniu No espereu a un desastre abans de prevenir-lo i planificar solucions Exigiu la compatibilitat amb les tecnologies ja existents Exigiu la compatibilitat amb altres aparells Exigiu que el manteniment no depengui d&#8217;una sola marca o prove\u00efdor possibles Valoreu qu\u00e8 &hellip; <a href=\"https:\/\/www.somtecnologia.com\/pro\/discover_ca\/recommendations_ca\" class=\"more-link\">Continue reading <span class=\"screen-reader-text\">Recomanacions<\/span> <span class=\"meta-nav\">&rarr;<\/span><\/a><\/p>\n","protected":false},"author":1,"featured_media":0,"parent":163,"menu_order":3,"comment_status":"closed","ping_status":"closed","template":"","meta":{"iawp_total_views":1,"footnotes":"","_links_to":"","_links_to_target":""},"class_list":["post-176","page","type-page","status-publish","hentry"],"_links":{"self":[{"href":"https:\/\/www.somtecnologia.com\/pro\/wp-json\/wp\/v2\/pages\/176","targetHints":{"allow":["GET"]}}],"collection":[{"href":"https:\/\/www.somtecnologia.com\/pro\/wp-json\/wp\/v2\/pages"}],"about":[{"href":"https:\/\/www.somtecnologia.com\/pro\/wp-json\/wp\/v2\/types\/page"}],"author":[{"embeddable":true,"href":"https:\/\/www.somtecnologia.com\/pro\/wp-json\/wp\/v2\/users\/1"}],"replies":[{"embeddable":true,"href":"https:\/\/www.somtecnologia.com\/pro\/wp-json\/wp\/v2\/comments?post=176"}],"version-history":[{"count":10,"href":"https:\/\/www.somtecnologia.com\/pro\/wp-json\/wp\/v2\/pages\/176\/revisions"}],"predecessor-version":[{"id":787,"href":"https:\/\/www.somtecnologia.com\/pro\/wp-json\/wp\/v2\/pages\/176\/revisions\/787"}],"up":[{"embeddable":true,"href":"https:\/\/www.somtecnologia.com\/pro\/wp-json\/wp\/v2\/pages\/163"}],"wp:attachment":[{"href":"https:\/\/www.somtecnologia.com\/pro\/wp-json\/wp\/v2\/media?parent=176"}],"curies":[{"name":"wp","href":"https:\/\/api.w.org\/{rel}","templated":true}]}}